 o be c(1). Is u(o) prime?
False
Let k = 71 + 78. Is k prime?
True
Is 20251/33 - 2/3 prime?
True
Suppose -3*l + 6*h + 24 = 3*h, 4*l + 2*h - 62 = 0. Let f be (l - -1)*1/1. Suppose 3*z - 53 + f = 0. Is z composite?
False
Suppose 0 = 2*m + 2*m - 12, -m - 7 = -5*b. Suppose b*u + w + 8 = -2*w, 0 = 2*u - 5*w - 8. Is (210 - u)*(-1 + 2) a composite number?
False
Is 552 + -4*2/(-8) a prime number?
False
Suppose 2*x - 63 = -x. Let z be 42*(10/6 + 0). Let v = z - x. Is v composite?
True
Let b = -4 + 10. Suppose 5*z = -b + 26. Let k(j) = 8*j + 2. Is k(z) prime?
False
Suppose 73 + 322 = 5*o. Is o a prime number?
True
Suppose -5*n + 156 = -1439. Is n a prime number?
False
Let o(m) = 14*m**3 + 2*m**2 - 2*m + 1. Let u be o(1). Suppose -5*l + 116 = -2*s, -l - s + u = -4. Is l composite?
True
Let o(b) = b**2 - 16*b + 2. Let c(l) = l**2 - 15*l + 3. Let p(v) = 5*c(v) - 4*o(v). Is p(12) a composite number?
False
Let s = -12 - -35. Is s a composite number?
False
Let t = 8362 + -3017. Is t composite?
True
Let j = 13 - 9. Is 10/j*(1 + 21) a composite number?
True
Let t = 8 + -3. Suppose -2*p = -c - 571, 0 = 4*p - t*c - 1014 - 131. Suppose i + 4*s = -4 + 79, 2*s - p = -5*i. Is i a composite number?
True
Suppose 3*v - 45 = -0*v. Let l = 20 + v. Suppose -4*d - l = -5*d. Is d a composite number?
True
Let y(a) = a + 20. Let u be y(0). Let q = 171 - 366. Is 16/u*q/(-6) prime?
False
Let p = 10 - 5. Suppose 0 = -3*k + 3*i + 3, -2*k + 3 = -p*i + 7. Suppose l - 204 = -k*l. Is l prime?
False
Let q = -4458 - -6767. Is q prime?
True
Let z = -3 - -5. Suppose z*s = 6*s - 268. Is s prime?
True
Let g = 402 - 165. Is g prime?
False
Let i be (-1 - -2)/((-1)/(-2)). Let m be 5/(1/(2/i)). Suppose m*z + 4*h - 472 = -89, -3 = h. Is z prime?
True
Suppose -5*d - 2*f + 3*f = -2572, f - 512 = -d. Let w = d - 327. Is w a composite number?
True
Let c(l) = 11*l**2 + 4*l - 4. Is c(-5) a prime number?
True
Let v be 1/(-3) + 12/9. Let n(z) = z**2 + 130. Let t be n(0). Is v/(-2)*t/(-5) prime?
True
Suppose -4*m = h - 4675, 3*m - h - 3151 = 357. Is m composite?
True
Let f = -496 + 1257. Is f a prime number?
True
Let v = -3 + 5. Let h = v - 3. Is h/4 - (-101)/4 composite?
True
Suppose 4*r - 3 - 13 = 0. Is (139/(-1))/(3 - r) a composite number?
False
Let t be -3 - 25*(-3 - -4). Let l = -1 - t. Suppose 263 - l = 4*d. Is d composite?
False
Suppose 3*x = c + 310, x = 4*c + 94 + 2. Suppose 2*w - x - 108 = 0. Is w a prime number?
False
Let l(d) = -7*d**2. Let c be l(-1). Let f be 4698/(-21) - (-2)/c. Let x = f - -319. Is x prime?
False
Let k(a) = -a**3 - 6*a**2 + 4*a - 5. Let l be k(-7). Let v be 4/6 + l/(-6). Is (0 - 15/v)*2 composite?
True
Suppose 0 = -i + 2*i - 6. Is 104/18 + i/27 a composite number?
True
Let h = -9 - -5. Is (h/6)/((-24)/4572) a composite number?
False
Is -1*(917/4)/((-9)/36) composite?
True
Suppose 46 = g + 3*n, -7*n + 2*n = -5*g + 230. Is g prime?
False
Suppose -2*q + 13 = 2*y + 3*q, 2*q + 8 = -3*y. Is -334*(21/y + 3) a composite number?
False
Let s = -34 - -53. Let p = s + 114. Is p prime?
False
Let v(y) be the third derivative of y**6/120 + 2*y**5/15 + y**4/12 + y**3/6 + y**2. Is v(-4) prime?
False
Let o = -322 + 629. Is o a composite number?
False
Let i(q) = 5*q - 2. Let k be i(-2). Let t = 2 + k. Let s = 21 - t. Is s a composite number?
False
Is (0 - 69/3)*-1 a composite number?
False
Let b = 74 - 59. Is b a composite number?
True
Suppose 59 - 47 = 4*t. Suppose 0 = y + 3*z - 5 + 23, -5*z = -4*y - 4. Is (-154)/y*t*1 a prime number?
False
Suppose 2*p - p = 791. Is p a prime number?
False
Let g(j) = -7*j**2 + 5*j - 2. Let r be g(3). Let f = 99 - r. Is f composite?
False
Suppose -4*m - k = -5, 2*k + 8 = 2. Suppose m*r - 14 = 156. Is r prime?
False
Let d(z) = -z - 2. Let g be d(-4). Suppose -4*r - 1 = -g*s + 39, 0 = -5*r - 15. Suppose y - s = -5. Is y composite?
True
Let l be 12 - 3/(3/(-1)). Let k = -6 + l. Is k a prime number?
True
Suppose 0 = 2*t + t. Suppose -2*w = -t*w - 222. Is w a composite number?
True
Let m = -1 - -2. Let r = 3 - 9. Is (r/(-9))/(m/21) prime?
False
Let v(j) = -77*j - 1. Is v(-4) a prime number?
True
Let m(w) = -w**3 + 3*w**2 + 5*w - 6. Let p = 4 - 0. Let c be m(p). Is 48/5 + c/(-5) prime?
False
Let b be (-326)/(-9) - 10/45. Suppose -b = -4*j - 4*l, 6*l - 2*l = 2*j. Let t(o) = 2*o**2 - 5*o - 5. Is t(j) a prime number?
True
Let q be (-13)/2 + 2/4. Is (-2)/6 + (-416)/q prime?
False
Let f = -1 - -6. Suppose -f*d + 22 = -4*b + 3*b, 3 = b. Suppose -4*z + 0*q + 358 = -q, -d*z - 3*q = -439. Is z composite?
False
Let x(t) = 2*t + 14 - 2*t + 10*t**2 - 15. Is x(-3) composite?
False
Is (-4256)/(-21) + (-1)/(-3) prime?
False
Suppose 3*q - 237 = 5*m, -3*q + 3*m = 5*m - 237. Is q a composite number?
False
Let k be (-280)/(-12) - (-6)/9. Let r = 15 + -9. Is (-4)/r + 1144/k composite?
False
Suppose -142 = -5*n + 4*n. Is n a prime number?
False
Let s = -198 - -342. Suppose -4*v - s = -4*p, 4*v - 2*v + 168 = 5*p. Suppose 0 = -n + p + 1. Is n a prime number?
False
Let w(t) = 24*t**2 + 2*t - 7. Let p be ((-18)/(-12))/((-1)/2). Is w(p) prime?
False
Is (-3 - -1) + 16 + -3 prime?
True
Suppose 0 = 4*n + 7 + 17. Is n/(-9) - (-1405)/3 a prime number?
False
Let w = -4 - -7. Suppose 5*m - 155 = -w*f, 3*m + 2*f = 2*m + 24. Is m a composite number?
True
Suppose 0 = 3*l - 4*f + 466 + 39, -880 = 5*l + f. Let y = -48 - l. Is y a composite number?
False
Suppose -d + 35 + 1 = 0. Is ((-69)/(-12))/(3/d) a prime number?
False
Suppose 10*d = 13*d - 8841. Is d prime?
False
Suppose 5*y - 23 + 8 = 0. Suppose -5 = g, y*h + 2*h - 785 = -4*g. Is h prime?
False
Suppose 3*g + 1 = 4. Let d be 47*g + (-2 - -2). Suppose 5*a - 3*b - 23 = -6*b, 5*a = 3*b + d. Is a a prime number?
True
Is 9054/(-12)*(-4)/6 a composite number?
False
Suppose 5*k = -3*i + 401, -i + 2*k - 3*k + 131 = 0. Is i composite?
False
Let b(v) = 126*v + 4. Suppose f - 3*l - 21 = -6, -l = f + 1. Is b(f) a prime number?
False
Let s(d) = -d + 14. Let v be s(12). Suppose v + 3 = 5*m. Let k(j) = 22*j**2 - 1. Is k(m) prime?
False
Suppose 0 = -2*w - 0*w - 5*q + 1849, 5*w - 3*q = 4700. Is w a prime number?
True
Let c(a) = a**2 + a - 13. Suppose 0 = 2*u - u - 9. Is c(u) composite?
True
Let r(u) = 13*u**3 + u - 1. Let s be r(-2). Let f be (-13 - -17)/(2/(-12)). Let n = f - s. Is n prime?
True
Let a = -8 + -7. Suppose 16 = -2*t - 0. Let w = t - a. Is w composite?
False
Let z(f) = f**2 + 6*f + 3. Let r be z(-5). Let v be 3/(-1) + r/(-1). Let k(b) = -52*b**3 + b**2 - b - 1. Is k(v) composite?
False
Suppose -268 = -5*q + 5*i + 987, 1269 = 5*q + 2*i. Is q a prime number?
False
Let n(t) = 75*t**2 + t. Is n(-2) a composite number?
True
Let c = 0 + 4. Suppose 5 = 5*o, 3*h + 5 = c*h + 5*o. Suppose -4*i + 0*i + 508 = h. Is i prime?
True
Suppose u = -3*v + 12, 7*u - 3 = 5*u + v. Is (-2 + u)/(1/43) a composite number?
False
Let l = 787 + -408. Is l composite?
False
Suppose 0 = -2*v - 3*x + 39, 3*v - 5*x + x = 16. Suppose 0 = -3*u - 0*u + 5*l + 59, 0 = -5*u - 2*l + 119. Let f = u - v. Is f a composite number?
False
Is 689 + (-7 + 4 - 1) a composite number?
True
Suppose -3*o + 135 = -219. Suppose -3*x - k = -2*x - o, -x = 4*k - 106. Let z = x - 37. Is z a composite number?
True
Let m(j) = -2*j**3 - 7*j**2 - 3*j - 7. Let u(h) = h**2 + 10*h + 3. Let c be u(-9). Is m(c) a composite number?
False
Suppose -5*r - 39 = 2271. Let c = 781 + r. Is c a prime number?
False
Suppose m = 4*v - m - 1748, 0 = 4*v + 2*m - 1764. Is v a composite number?
False
Suppose t - 12 = 3*h, -5*t + 2*h + 32 = h. Let x(i) = 41*i + 7. Is x(t) composite?
True
Let d be -2*-1*27/(-6). Let r be (-1)/3 + (-2343)/d. Let v = -163 + r. Is v prime?
True
Is (-18)/12 + 1805/2 prime?
False
Suppose 3*a = -5 - 1. Let p be a*(1 + -1 + -49). Suppose 0 = -5*t + n + 267, -t = t + 4*n - p. Is t prime?
True
Let s be 12/3 + 0/3. Is s/(-20) + (-672)/(-10) prime?
True
Suppose 6 = 5*a + 1, a = -2*b + 3467. Is b composite?
False
Let h(x) = 115*x**2 + 2*x - 9. Is h(-4) a composite number?
False
Let l be ((-4)/6)/((-12)/54). Suppose 2*j = -l*j - 135. Let o = 46 + j. Is o a prime number?
True
Suppose u + 4*h + 24 - 135 = 0, u - 97 = 3*h. Is u composite?
False
Let l = -2851 + 4718. Is l a composite number?
False
Suppose -2*w - 1491 = -3*x + w, 0 = -4*x - w + 1988. Is x prime?
False
Let g(y) = -44*y**2 + 4*y + 5. Let l be g(4).